{"version":"1.0","provider_name":"TIGER","provider_url":"https:\/\/tiger-platform.eu\/de\/","author_name":"Xenia Augsten","author_url":"https:\/\/tiger-platform.eu\/de\/author\/tiger-augsten\/","title":"Europa macht's m\u00f6glich: Gemeinsam gegen die Tigerm\u00fccke - TIGER","type":"rich","width":600,"height":338,"html":"<blockquote class=\"wp-embedded-content\"><a href=\"https:\/\/tiger-platform.eu\/de\/2018\/06\/01\/europa-machts-moeglich-gemeinsam-gegen-die-tigermuecke\/\">Europa macht&#8217;s m\u00f6glich: Gemeinsam gegen die Tigerm\u00fccke<\/a><\/blockquote>\n<script type='text\/javascript'>\n<!--\/\/--><![CDATA[\/\/><!--\n\t\t\/*! This file is auto-generated *\/\n\t\t!function(d,l){\"use strict\";var e=!1,n=!1;if(l.querySelector)if(d.addEventListener)e=!0;if(d.wp=d.wp||{},!d.wp.receiveEmbedMessage)if(d.wp.receiveEmbedMessage=function(e){var t=e.data;if(t)if(t.secret||t.message||t.value)if(!\/[^a-zA-Z0-9]\/.test(t.secret)){for(var r,i,a,s=l.querySelectorAll('iframe[data-secret=\"'+t.secret+'\"]'),n=l.querySelectorAll('blockquote[data-secret=\"'+t.secret+'\"]'),o=new RegExp(\"^https?:$\",\"i\"),c=0;c<n.length;c++)n[c].style.display=\"none\";for(c=0;c<s.length;c++)if(r=s[c],e.source===r.contentWindow){if(r.removeAttribute(\"style\"),\"height\"===t.message){if(1e3<(a=parseInt(t.value,10)))a=1e3;else if(~~a<200)a=200;r.height=a}if(\"link\"===t.message)if(i=l.createElement(\"a\"),a=l.createElement(\"a\"),i.href=r.getAttribute(\"src\"),a.href=t.value,o.test(a.protocol))if(a.host===i.host)if(l.activeElement===r)d.top.location.href=t.value}}},e)d.addEventListener(\"message\",d.wp.receiveEmbedMessage,!1),l.addEventListener(\"DOMContentLoaded\",t,!1),d.addEventListener(\"load\",t,!1);function t(){if(!n){n=!0;for(var e,t,r=-1!==navigator.appVersion.indexOf(\"MSIE 10\"),i=!!navigator.userAgent.match(\/Trident.*rv:11\\.\/),a=l.querySelectorAll(\"iframe.wp-embedded-content\"),s=0;s<a.length;s++){if(!(e=a[s]).getAttribute(\"data-secret\"))t=Math.random().toString(36).substr(2,10),e.src+=\"#?secret=\"+t,e.setAttribute(\"data-secret\",t);if(r||i)(t=e.cloneNode(!0)).removeAttribute(\"security\"),e.parentNode.replaceChild(t,e)}}}}(window,document);\n\/\/--><!]]>\n<\/script><iframe sandbox=\"allow-scripts\" security=\"restricted\" src=\"https:\/\/tiger-platform.eu\/de\/2018\/06\/01\/europa-machts-moeglich-gemeinsam-gegen-die-tigermuecke\/embed\/\" width=\"600\" height=\"338\" title=\"&#8220;Europa macht&#8217;s m\u00f6glich: Gemeinsam gegen die Tigerm\u00fccke&#8221; &#8212; TIGER\" frameborder=\"0\" marginwidth=\"0\" marginheight=\"0\" scrolling=\"no\" class=\"wp-embedded-content\"><\/iframe>","thumbnail_url":"https:\/\/tiger-platform.eu\/wp-content\/uploads\/2019\/02\/Aktualit\u00e4t-Europa-machts-m\u00f6glich-6.-Juni.jpg","thumbnail_width":653,"thumbnail_height":685,"description":"Pr\u00e4sentation des Projekts \u201eTIGER\u201c und Laborbesichtigung im Schweizerischen Sropen- und Public Health-institut (TPH), um die Forschung und T\u00e4tigkeiten im Zusammenhang mit der krankheits\u00fcbertragenden Asiatischen Tigerm\u00fccke aufzuzeigen. In Anwesenheit von: Lukas Engelberger, Regierungsrat Basel-Stadt und Vorsteher des Gesundheitsdepartements Basel-Stadt &nbsp; Programm Begr\u00fc\u00dfung durch Regierungsrat Lukas Engelberger Einleitende Worte des TPH Vorstellung des Programms INTERREG Oberrhein, die Beteiligung der Schweiz und der Mehrwert f\u00fcr die Region Pr\u00e4sentation des Projekts \u201eTIGER\u201c Laborf\u00fchrung durch ..."}

Europa macht's möglich: Gemeinsam gegen die Tigermücke - TIGER

<blockquote class="wp-embedded-content"><a href="https://tiger-platform.eu/de/2018/06/01/europa-machts-moeglich-gemeinsam-gegen-die-tigermuecke/">Europa macht&#8217;s möglich: Gemeinsam gegen die Tigermücke</a></blockquote>
<script type='text/javascript'>
<!--//--><![CDATA[//><!--
		/*! This file is auto-generated */
		!function(d,l){"use strict";var e=!1,n=!1;if(l.querySelector)if(d.addEventListener)e=!0;if(d.wp=d.wp||{},!d.wp.receiveEmbedMessage)if(d.wp.receiveEmbedMessage=function(e){var t=e.data;if(t)if(t.secret||t.message||t.value)if(!/[^a-zA-Z0-9]/.test(t.secret)){for(var r,i,a,s=l.querySelectorAll('iframe[data-secret="'+t.secret+'"]'),n=l.querySelectorAll('blockquote[data-secret="'+t.secret+'"]'),o=new RegExp("^https?:$","i"),c=0;c<n.length;c++)n[c].style.display="none";for(c=0;c<s.length;c++)if(r=s[c],e.source===r.contentWindow){if(r.removeAttribute("style"),"height"===t.message){if(1e3<(a=parseInt(t.value,10)))a=1e3;else if(~~a<200)a=200;r.height=a}if("link"===t.message)if(i=l.createElement("a"),a=l.createElement("a"),i.href=r.getAttribute("src"),a.href=t.value,o.test(a.protocol))if(a.host===i.host)if(l.activeElement===r)d.top.location.href=t.value}}},e)d.addEventListener("message",d.wp.receiveEmbedMessage,!1),l.addEventListener("DOMContentLoaded",t,!1),d.addEventListener("load",t,!1);function t(){if(!n){n=!0;for(var e,t,r=-1!==navigator.appVersion.indexOf("MSIE 10"),i=!!navigator.userAgent.match(/Trident.*rv:11\./),a=l.querySelectorAll("iframe.wp-embedded-content"),s=0;s<a.length;s++){if(!(e=a[s]).getAttribute("data-secret"))t=Math.random().toString(36).substr(2,10),e.src+="#?secret="+t,e.setAttribute("data-secret",t);if(r||i)(t=e.cloneNode(!0)).removeAttribute("security"),e.parentNode.replaceChild(t,e)}}}}(window,document);
//--><!]]>
</script><iframe sandbox="allow-scripts" security="restricted" src="https://tiger-platform.eu/de/2018/06/01/europa-machts-moeglich-gemeinsam-gegen-die-tigermuecke/embed/" width="600" height="338" title="&#8220;Europa macht&#8217;s möglich: Gemeinsam gegen die Tigermücke&#8221; &#8212; TIGER" frameborder="0" marginwidth="0" marginheight="0" scrolling="no" class="wp-embedded-content"></iframe>

https://tiger-platform.eu/wp-content/uploads/2019/02/Aktualität-Europa-machts-möglich-6.-Juni.jpg

Präsentation des Projekts „TIGER“ und Laborbesichtigung im Schweizerischen Sropen- und Public Health-institut (TPH), um die Forschung und Tätigkeiten im Zusammenhang mit der krankheitsübertragenden Asiatischen Tigermücke aufzuzeigen. In Anwesenheit von: Lukas Engelberger, Regierungsrat Basel-Stadt und Vorsteher des Gesundheitsdepartements Basel-Stadt &nbsp; Programm Begrüßung durch Regierungsrat Lukas Engelberger Einleitende Worte des TPH Vorstellung des Programms INTERREG Oberrhein, die Beteiligung der Schweiz und der Mehrwert für die Region Präsentation des Projekts „TIGER“ Laborführung durch ...
